
{"id":2153,"date":"2024-01-28T15:22:27","date_gmt":"2024-01-28T15:22:27","guid":{"rendered":"http:\/\/e-process-achatpublic.fr\/conseil-ha\/?page_id=2153"},"modified":"2026-01-30T09:19:41","modified_gmt":"2026-01-30T09:19:41","slug":"accessibilite-handicapes","status":"publish","type":"page","link":"https:\/\/e-process-achatpublic.fr\/conseil-ha\/accueil\/accessibilite-handicapes\/","title":{"rendered":"Accessibilit\u00e9 handicap"},"content":{"rendered":"\n<figure class=\"wp-block-image is-resized\"><img loading=\"lazy\" decoding=\"async\" width=\"1024\" height=\"614\" src=\"http:\/\/e-process-achatpublic.fr\/conseil-ha\/wp-content\/uploads\/2024\/01\/row-colorful-buttons-with-different-icons-including-wheelchair-person-person-person-person-person-person-1024x614.jpg\" alt=\"\" class=\"wp-image-2154\" style=\"width:727px;height:435px\" srcset=\"https:\/\/e-process-achatpublic.fr\/conseil-ha\/wp-content\/uploads\/2024\/01\/row-colorful-buttons-with-different-icons-including-wheelchair-person-person-person-person-person-person-1024x614.jpg 1024w, https:\/\/e-process-achatpublic.fr\/conseil-ha\/wp-content\/uploads\/2024\/01\/row-colorful-buttons-with-different-icons-including-wheelchair-person-person-person-person-person-person-300x180.jpg 300w, https:\/\/e-process-achatpublic.fr\/conseil-ha\/wp-content\/uploads\/2024\/01\/row-colorful-buttons-with-different-icons-including-wheelchair-person-person-person-person-person-person-768x461.jpg 768w\" sizes=\"(max-width: 1024px) 100vw, 1024px\" \/><\/figure>\n\n\n\n<p>Conseil h@ garantit un acc\u00e8s et une exp\u00e9rience de formation \u00e9quitable \u00e0 tous les apprenants. Pour optimiser la qualit\u00e9\u0301 de notre prise en charge, nous vous invitons \u00e0 nous en informer d\u00e8s la prise de contact afin que nous puissions mettre en place les dispositifs adapt\u00e9s&nbsp;:<\/p>\n\n\n\n<p><strong>Am\u00e9nagements Physiques<\/strong> : Assurer que les locaux de formation sont accessibles et confortables pour les personnes \u00e0 mobilit\u00e9 r\u00e9duite.<\/p>\n\n\n\n<p><strong>Ressources P\u00e9dagogiques Adapt\u00e9es<\/strong> : Offrir des supports de cours et des m\u00e9thodes d&rsquo;enseignement adapt\u00e9s aux diff\u00e9rents types de handicaps.<\/p>\n\n\n\n<p><strong>Soutien Personnalis\u00e9<\/strong> : Proposer un accompagnement personnalis\u00e9 pour r\u00e9pondre aux besoins sp\u00e9cifiques des apprenants en situation de handicap.<\/p>\n\n\n\n<p><strong>Collaboration avec des Organismes Sp\u00e9cialis\u00e9s<\/strong> : Travailler en partenariat avec des organisations d\u00e9di\u00e9es au handicap pour am\u00e9liorer constamment l&rsquo;accessibilit\u00e9 :<\/p>\n\n\n\n<ul>\n<li><a href=\"http:\/\/www.monparcourshandicap.gouv.fr\/\" target=\"_blank\" rel=\"noreferrer noopener\">www.monparcourshandicap.gouv.fr<\/a><\/li>\n\n\n\n<li><a href=\"http:\/\/www.agefiph.fr\/\" target=\"_blank\" rel=\"noreferrer noopener\">www.agefiph.fr<\/a><\/li>\n\n\n\n<li><a href=\"http:\/\/www.fiphfp.fr\/\" target=\"_blank\" rel=\"noreferrer noopener\">www.fiphfp.fr<\/a><\/li>\n<\/ul>\n\n\n\n<p><strong>R\u00e9f\u00e9rent handicap<\/strong> : flconseil.ha@e-process-achatpublic.fr<\/p>\n","protected":false},"excerpt":{"rendered":"<p>Conseil h@ garantit un acc\u00e8s et une exp\u00e9rience de formation \u00e9quitable \u00e0 tous les apprenants. Pour optimiser la qualit\u00e9\u0301 de notre prise en charge, nous vous invitons \u00e0 nous en informer d\u00e8s la prise de contact afin que nous puissions &hellip; <a href=\"https:\/\/e-process-achatpublic.fr\/conseil-ha\/accueil\/accessibilite-handicapes\/\">Lire la suite\u00ad\u00ad<\/a><\/p>\n","protected":false},"author":1,"featured_media":0,"parent":4,"menu_order":0,"comment_status":"closed","ping_status":"closed","template":"","meta":{"kt_blocks_editor_width":"","footnotes":""},"_links":{"self":[{"href":"https:\/\/e-process-achatpublic.fr\/conseil-ha\/wp-json\/wp\/v2\/pages\/2153"}],"collection":[{"href":"https:\/\/e-process-achatpublic.fr\/conseil-ha\/wp-json\/wp\/v2\/pages"}],"about":[{"href":"https:\/\/e-process-achatpublic.fr\/conseil-ha\/wp-json\/wp\/v2\/types\/page"}],"author":[{"embeddable":true,"href":"https:\/\/e-process-achatpublic.fr\/conseil-ha\/wp-json\/wp\/v2\/users\/1"}],"replies":[{"embeddable":true,"href":"https:\/\/e-process-achatpublic.fr\/conseil-ha\/wp-json\/wp\/v2\/comments?post=2153"}],"version-history":[{"count":2,"href":"https:\/\/e-process-achatpublic.fr\/conseil-ha\/wp-json\/wp\/v2\/pages\/2153\/revisions"}],"predecessor-version":[{"id":2278,"href":"https:\/\/e-process-achatpublic.fr\/conseil-ha\/wp-json\/wp\/v2\/pages\/2153\/revisions\/2278"}],"up":[{"embeddable":true,"href":"https:\/\/e-process-achatpublic.fr\/conseil-ha\/wp-json\/wp\/v2\/pages\/4"}],"wp:attachment":[{"href":"https:\/\/e-process-achatpublic.fr\/conseil-ha\/wp-json\/wp\/v2\/media?parent=2153"}],"curies":[{"name":"wp","href":"https:\/\/api.w.org\/{rel}","templated":true}]}}