
{"id":39,"date":"2015-03-28T21:38:01","date_gmt":"2015-03-28T21:38:01","guid":{"rendered":"http:\/\/e-process-achatpublic.fr\/conseil-ha\/?page_id=39"},"modified":"2024-01-28T23:28:53","modified_gmt":"2024-01-28T23:28:53","slug":"contact","status":"publish","type":"page","link":"http:\/\/e-process-achatpublic.fr\/conseil-ha\/contact\/","title":{"rendered":"Contact"},"content":{"rendered":"\n<figure class=\"wp-block-video aligncenter\"><video autoplay controls loop src=\"http:\/\/e-process-achatpublic.fr\/conseil-ha\/wp-content\/uploads\/2021\/07\/contact2.mp4\"><\/video><\/figure>\n\n\n<h4><img loading=\"lazy\" decoding=\"async\" class=\"size-medium wp-image-1584 alignleft\" src=\"http:\/\/e-process-achatpublic.fr\/conseil-ha\/wp-content\/uploads\/2021\/07\/office-3962373_1280-300x200.jpg\" alt=\"\" width=\"300\" height=\"200\" srcset=\"http:\/\/e-process-achatpublic.fr\/conseil-ha\/wp-content\/uploads\/2021\/07\/office-3962373_1280-300x200.jpg 300w, http:\/\/e-process-achatpublic.fr\/conseil-ha\/wp-content\/uploads\/2021\/07\/office-3962373_1280-768x512.jpg 768w, http:\/\/e-process-achatpublic.fr\/conseil-ha\/wp-content\/uploads\/2021\/07\/office-3962373_1280-1024x682.jpg 1024w, http:\/\/e-process-achatpublic.fr\/conseil-ha\/wp-content\/uploads\/2021\/07\/office-3962373_1280.jpg 1280w\" sizes=\"(max-width: 300px) 100vw, 300px\" \/><\/h4>\n<p><span style=\"color: #ff6600;\"><strong>Ne restez pas seuls avec vos questions :<\/strong><\/span><\/p>\n<ul>\n<li>Prenez rendez-vous<\/li>\n<li>Echangez<\/li>\n<li>R\u00e9clamez<\/li>\n<li>R\u00e9servez vos formations<\/li>\n<li>T\u00e9l\u00e9phonez-nous au 06 86 00 28 15<\/li>\n<\/ul>\n<p>\u00a0<\/p>\n<p>\u00a0<\/p>\n<p>\u00a0<\/p>\n<div role=\"form\" class=\"wpcf7\" id=\"wpcf7-f43-o1\" lang=\"fr-FR\" dir=\"ltr\">\n<div class=\"screen-reader-response\"><\/div>\n<form name=\"\" action=\"\/conseil-ha\/wp-json\/wp\/v2\/pages\/39#wpcf7-f43-o1\" method=\"post\" class=\"wpcf7-form\" novalidate=\"novalidate\">\n<div style=\"display: none;\">\n<input type=\"hidden\" name=\"_wpcf7\" value=\"43\" \/>\n<input type=\"hidden\" name=\"_wpcf7_version\" value=\"4.1.2\" \/>\n<input type=\"hidden\" name=\"_wpcf7_locale\" value=\"fr_FR\" \/>\n<input type=\"hidden\" name=\"_wpcf7_unit_tag\" value=\"wpcf7-f43-o1\" \/>\n<input type=\"hidden\" name=\"_wpnonce\" value=\"0380b2f043\" \/>\n<\/div>\n<p>Votre nom (obligatoire)<br \/>\n    <span class=\"wpcf7-form-control-wrap your-name\"><input type=\"text\" name=\"your-name\" value=\"\" size=\"40\" class=\"wpcf7-form-control wpcf7-text wpcf7-validates-as-required\" aria-required=\"true\" aria-invalid=\"false\" \/><\/span> <\/p>\n<p>Votre email (obligatoire)<br \/>\n    <span class=\"wpcf7-form-control-wrap your-email\"><input type=\"email\" name=\"your-email\" value=\"\" size=\"40\" class=\"wpcf7-form-control wpcf7-text wpcf7-email wpcf7-validates-as-required wpcf7-validates-as-email\" aria-required=\"true\" aria-invalid=\"false\" \/><\/span> <\/p>\n<p>Sujet<br \/>\n    <span class=\"wpcf7-form-control-wrap your-subject\"><input type=\"text\" name=\"your-subject\" value=\"\" size=\"40\" class=\"wpcf7-form-control wpcf7-text\" aria-invalid=\"false\" \/><\/span> <\/p>\n<p>Votre message<br \/>\n    <span class=\"wpcf7-form-control-wrap your-message\"><textarea name=\"your-message\" cols=\"40\" rows=\"10\" class=\"wpcf7-form-control wpcf7-textarea\" aria-invalid=\"false\"><\/textarea><\/span> <\/p>\n<p><input type=\"submit\" value=\"Envoyer\" class=\"wpcf7-form-control wpcf7-submit\" \/><\/p>\n<div class=\"wpcf7-response-output wpcf7-display-none\"><\/div><\/form><\/div>","protected":false},"excerpt":{"rendered":"<p>Ne restez pas seuls avec vos questions : Prenez rendez-vous Echangez R\u00e9clamez R\u00e9servez vos formations T\u00e9l\u00e9phonez-nous au 06 86 00 28 15 \u00a0 \u00a0 \u00a0<\/p>\n","protected":false},"author":1,"featured_media":0,"parent":0,"menu_order":0,"comment_status":"open","ping_status":"open","template":"page-fullwidth.php","meta":{"kt_blocks_editor_width":"","footnotes":""},"_links":{"self":[{"href":"http:\/\/e-process-achatpublic.fr\/conseil-ha\/wp-json\/wp\/v2\/pages\/39"}],"collection":[{"href":"http:\/\/e-process-achatpublic.fr\/conseil-ha\/wp-json\/wp\/v2\/pages"}],"about":[{"href":"http:\/\/e-process-achatpublic.fr\/conseil-ha\/wp-json\/wp\/v2\/types\/page"}],"author":[{"embeddable":true,"href":"http:\/\/e-process-achatpublic.fr\/conseil-ha\/wp-json\/wp\/v2\/users\/1"}],"replies":[{"embeddable":true,"href":"http:\/\/e-process-achatpublic.fr\/conseil-ha\/wp-json\/wp\/v2\/comments?post=39"}],"version-history":[{"count":19,"href":"http:\/\/e-process-achatpublic.fr\/conseil-ha\/wp-json\/wp\/v2\/pages\/39\/revisions"}],"predecessor-version":[{"id":2231,"href":"http:\/\/e-process-achatpublic.fr\/conseil-ha\/wp-json\/wp\/v2\/pages\/39\/revisions\/2231"}],"wp:attachment":[{"href":"http:\/\/e-process-achatpublic.fr\/conseil-ha\/wp-json\/wp\/v2\/media?parent=39"}],"curies":[{"name":"wp","href":"https:\/\/api.w.org\/{rel}","templated":true}]}}